 and 80?
16
Let z = 23 - 2. Let h be 12*1*z/12. Let i be (-8)/((h/6)/(-7)). Calculate the greatest common factor of 2 and i.
2
Suppose -7 = -a + 9. Calculate the greatest common divisor of 176 and a.
16
Suppose -2*s = 4*o - 52, -2*s + 2*o - 9 = -91. Let p = -54 + 108. Calculate the highest common factor of p and s.
18
Let w = -55 - -60. Let k(r) = r**3 - 3*r**2 - 8*r. Let d be k(w). What is the greatest common divisor of d and 45?
5
Suppose 4*a = 2*a + 12. Let t(b) = b**3 - 4*b**2 - 3*b - 8. Let c be t(5). What is the greatest common divisor of c and a?
2
Let p(h) = -h**3 - 5*h**2 + 11*h + 11. Let m be p(-7). Calculate the highest common factor of 8 and m.
8
Let w(x) = 4*x + 228. Let r be w(-31). Suppose 52 = 5*u - u. Calculate the highest common factor of u and r.
13
Suppose -2*h + 3*l + 18 = -h, -2*h - 8 = 5*l. Suppose -82 = -h*g + 38. What is the highest common divisor of 8 and g?
4
Suppose -19 = 7*h - 117. Calculate the greatest common divisor of h and 56.
14
Let p be (-1)/(-4 - (-15)/4) + 1805. What is the greatest common divisor of p and 18?
9
Let i be (-840)/(-1 + 3/(-6)). Let u be 4/(-22) - i/(-176). Let y be ((-10)/3 + u)*-66. Calculate the greatest common divisor of y and 198.
22
Let b be 1*-20*1*8/(-10). What is the greatest common factor of 80 and b?
16
Let h(u) = -25*u + 53*u - 29*u - u**3 + 3 + 7*u**2. Let y be h(6). Calculate the highest common factor of y and 3.
3
Let q be 13/(195/(-500))*(-210)/8. Calculate the greatest common divisor of 125 and q.
125
Let z be (-5)/15 - (-2)/(-6)*-37. Let m = -15 - -21. Calculate the greatest common divisor of m and z.
6
Suppose 516*j - 496*j - 680 = 0. Calculate the greatest common divisor of 1819 and j.
17
Suppose q = -5*b - 157 - 354, 400 = -4*b - 3*q. Let l = b + 109. What is the highest common factor of l and 1?
1
Let u be (4/(-18))/(3/(-54)). Calculate the greatest common divisor of 32 and u.
4
Let l be (-3 - (1 - 0))/(0 + 2). Let f be (16/l)/(1 - 3). Let o = 45 - 29. What is the greatest common factor of o and f?
4
Suppose 0 = 2*h - o - 645, -7*h - o + 1305 = -3*h. What is the highest common divisor of 39 and h?
13
Let j(w) = w + 11. Let a be j(11). Let k = 27 - a. Suppose -2*q + 145 = u, 5*u - 273 = -k*q + 92. What is the greatest common factor of q and 24?
24
Suppose -1 = -3*w - 2*s + s, 2*s + 10 = 0. Suppose -3*j = w*j - 165. Suppose 2*k = 5*k - j. What is the highest common factor of 99 and k?
11
Let i be 197 - 16 - (-2 + -3). Calculate the greatest common factor of i and 30.
6
Suppose 5*x + 12 = 3*x. Let n be (3 - (-158)/x)*6/(-4). What is the greatest common factor of 7 and n?
7
Let f(u) = -u**3 - 7*u**2 - 9*u - 8. Let a be f(-6). Let p = -138 + 218. What is the greatest common divisor of p and a?
10
Let z = -45 - -69. What is the greatest common factor of z and 136?
8
Let w(y) = -21*y**3 - 1. Let n be w(-1). Let q(p) = 50*p. Let f be q(10). Suppose 0 = -6*z + 16*z - f. What is the greatest common factor of z and n?
10
Let y be (-204)/30 + 6 - (-49)/5. Suppose 0 = -4*b + 3*x - 2*x + 27, 3 = -x. Calculate the greatest common factor of b and y.
3
Suppose -3*k - 2*k = -10. Suppose k*f + f - 18 = 0. Let a = -3 + f. Calculate the greatest common factor of 3 and a.
3
Let v = -3 + 5. Suppose -56*p + 54*p = -78. Suppose -j + 5*j - p = -3*s, -5*j + 47 = v*s. What is the highest common factor of j and 81?
9
Let a = -132 - -126. Let y be (-122)/(-12) + (-23)/a + -4. Let d be ((-8)/(-5))/(10/25). What is the greatest common factor of d and y?
2
Let q(n) = -n**3 + 12*n**2 - 18*n + 6. Let f be q(10). Suppose 25*s = f*s - 24. What is the greatest common factor of s and 6?
6
Let m = -202 - -271. Calculate the highest common factor of 6 and m.
3
Let r(b) = 3*b + 1. Let s be r(-4). Let d = -31 - s. Let o be -2 - (-1 + d)*1. What is the highest common factor of 171 and o?
19
Let r(l) = -l**2 - 15*l + 20. Let d be r(-15). Let b = d + -21. Let p be ((-8)/(-16))/(b/(-6)). Calculate the greatest common factor of p and 6.
3
Let r(w) = -107*w - 719. Let n be r(-7). Let t = 19 + -9. Calculate the greatest common divisor of n and t.
10
Let b be (-4)/(-18) + (-5826)/(-216)*8. Calculate the highest common divisor of b and 24.
24
Let c(l) = -3*l. Let v be c(-1). Suppose -113 = -4*b - 3*w, -w - 111 = -v*b + 2*w. Suppose -47*m = -35*m - 576. Calculate the greatest common factor of b and m.
16
Suppose -380 = -4*w - 4*t, -4*w = -8*w - 5*t + 375. What is the highest common factor of 250 and w?
50
Let b(m) = 2*m**2 - 3*m - 101. Let j be b(-10). What is the greatest common factor of j and 172?
43
Let i be 1*-3 + (2 - -91). Suppose -6*s + 32 = -2*s. Let c be (-30)/8*s/(-3). Calculate the highest common factor of i and c.
10
Let z be 3 - 90/((-15)/5). Suppose 0 = -l - 2*o + 13, -2*o = -5*l + 94 - 41. What is the greatest common factor of l and z?
11
Suppose 0 = 4*b - b - 4*p - 25, 4*b = -5*p + 54. Suppose -b*q - 96 = -13*q. What is the highest common divisor of 36 and q?
12
Let c = -625 + 884. Calculate the greatest common divisor of 296 and c.
37
Let d(k) = k**3 - 4*k**2 + 4*k - 2. Let q be d(3). Let m = 0 + q. Let g = m - -14. What is the highest common divisor of g and 6?
3
Let c be 24/(-5)*(10 - 280/21). Calculate the greatest common factor of c and 32.
16
Let r(j) = 13 + 7 + 3*j + 2*j**2 + 5*j. Let l be r(-10). Calculate the greatest common divisor of l and 56.
28
Let c(v) = -10*v + 6. Let o(h) = -h - 1. Let t(u) = -c(u) + 6*o(u). Let i be t(9). What is the greatest common factor of 108 and i?
12
Let d be ((-165)/22)/(6/(-16)). Calculate the greatest common divisor of d and 180.
20
Let k(f) = -f**2 - 13*f - 19. Let z be k(-10). Calculate the greatest common factor of 187 and z.
11
Let c(q) = q - 8. Let x be c(17). Let o(k) = 2*k**3 - 13*k**2 - 31. Let g be o(x). Calculate the highest common factor of 34 and g.
34
Let s(d) = d**3 - 28*d**2 + 11. Let y be s(28). Let j = -125 + 246. Calculate the greatest common factor of j and y.
11
Suppose -p = -2*x + 2*p - 6, 5*x - 2*p + 26 = 0. Let b be (1 + x)/((-3)/36). Calculate the greatest common factor of 12 and b.
12
Let i be (4/5)/((-10)/(-75)). Let u be 2/5*225/3. Calculate the greatest common divisor of u and i.
6
Let f(v) = 49*v**2 - 301*v + 45. Let t be f(6). Let x = 44 - -4. What is the greatest common divisor of x and t?
3
Suppose 0 = b + b - 18. Let n(m) = m**3 - 8*m**2 + 6*m + 6. Let s be n(7). Let l be ((-8)/28 + 15/(-21))/s. Calculate the highest common divisor of b and l.
1
Suppose -208*c = -212*c + 4128. Calculate the greatest common factor of 24 and c.
24
Let x(d) = d**2 + d - 3. Let v be x(5). Let a = -176 - -533. Let k = a - 222. Calculate the highest common divisor of k and v.
27
Let k = 1088 - 850. What is the greatest common factor of 34 and k?
34
Let m(t) = 21*t + 659. Let k be m(-31). Calculate the greatest common divisor of k and 584.
8
Let f = 21 - 20. Suppose 4*s + f - 5 = 3*q, 3*s - 4 = 2*q. Suppose 5*j - 287 = -3*a, -6*j - 436 = -q*a - 2*j. Calculate the highest common factor of a and 13.
13
Suppose -4 = -11*g + 40. Calculate the greatest common factor of 52 and g.
4
Let a = -321 + 381. What is the greatest common divisor of a and 15?
15
Let f(g) = -15*g**3 + 2*g**2 + 2*g - 4. Let w be f(-2). What is the greatest common divisor of w and 80?
40
Let o = -55 + 103. Suppose -56 = -2*s + 6*s. Let w be (6/7)/((-2)/s). What is the greatest common factor of o and w?
6
Let f(i) = -5*i - 25. Let n = 26 - 43. Let o be f(n). Calculate the greatest common factor of o and 15.
15
Suppose -4 - 4 = -v. Let n be (-8)/3*(-30)/v. Let o(g) = g**3 - g**2 - 2*g - 2. Let t be o(3). What is the greatest common divisor of t and n?
10
Let l = -1034 - -1050. What is the greatest common factor of l and 976?
16
Let q(y) = y**2 + 5*y. Let i be q(-11). Let m(k) = k**2 + 6*k - 5. Let o be m(-8). What is the highest common divisor of o and i?
11
Let y be 4/(-8)*(-1 - -13). Let j(n) = n**2 + 7*n. Let t be j(y). Let a = t + 10. What is the greatest common factor of a and 44?
4
Suppose -4*j = 262 - 346. Calculate the highest common divisor of 84 and j.
21
Let f(j) = -3*j**2 + 74*j + 37. Let q be f(25). What is the greatest common divisor of 1056 and q?
12
Let u(i) = -i**3 + 5*i**2 + 27*i - 8. Let d be u(-7). What is the highest common factor of d and 17?
17
Let c(q) = 15 + q**2